[INFO] fetching crate vkcargo 0.45.1...
[INFO] checking vkcargo-0.45.1 against master#cfbc6d4cf1acbac5c025acf8ed68929caa551df3 for pr-75494-beta
[INFO] extracting crate vkcargo 0.45.1 into /workspace/builds/worker-1/source
[INFO] validating manifest of crates.io crate vkcargo 0.45.1 on toolchain cfbc6d4cf1acbac5c025acf8ed68929caa551df3
[INFO] running `Command { std: "/workspace/cargo-home/bin/cargo" "+cfbc6d4cf1acbac5c025acf8ed68929caa551df3" "read-manifest" "--manifest-path" "Cargo.toml", kill_on_drop: false }`
[INFO] started tweaking crates.io crate vkcargo 0.45.1
[INFO] finished tweaking crates.io crate vkcargo 0.45.1
[INFO] tweaked toml for crates.io crate vkcargo 0.45.1 written to /workspace/builds/worker-1/source/Cargo.toml
[INFO] crate crates.io crate vkcargo 0.45.1 already has a lockfile, it will not be regenerated
[INFO] running `Command { std: "/workspace/cargo-home/bin/cargo" "+cfbc6d4cf1acbac5c025acf8ed68929caa551df3" "fetch" "--locked" "--manifest-path" "Cargo.toml", kill_on_drop: false }`
[INFO] [stderr]  Downloading crates ...
[INFO] [stderr]   Downloaded commoncrypto-sys v0.2.0
[INFO] [stderr]   Downloaded globset v0.4.5
[INFO] [stderr]   Downloaded rand_xoshiro v0.4.0
[INFO] [stderr]   Downloaded humantime v2.0.0
[INFO] [stderr]   Downloaded sized-chunks v0.5.3
[INFO] [stderr]   Downloaded shell-escape v0.1.4
[INFO] [stderr]   Downloaded tar v0.4.26
[INFO] [stderr]   Downloaded serde_ignored v0.1.1
[INFO] [stderr]   Downloaded vte v0.3.3
[INFO] [stderr]   Downloaded home v0.5.3
[INFO] [stderr]   Downloaded bstr v0.2.12
[INFO] [stderr]   Downloaded commoncrypto v0.2.0
[INFO] [stderr]   Downloaded cargo-platform v0.1.1
[INFO] [stderr]   Downloaded libssh2-sys v0.2.16
[INFO] [stderr]   Downloaded git2 v0.13.1
[INFO] [stderr]   Downloaded crates-io v0.31.0
[INFO] [stderr]   Downloaded strip-ansi-escapes v0.1.0
[INFO] [stderr]   Downloaded ignore v0.4.14
[INFO] [stderr]   Downloaded bitmaps v2.1.0
[INFO] [stderr]   Downloaded git2-curl v0.14.0
[INFO] [stderr]   Downloaded rustfix v0.5.1
[INFO] [stderr]   Downloaded rustc-workspace-hack v1.0.0
[INFO] [stderr]   Downloaded libgit2-sys v0.12.2+1.0.0
[INFO] [stderr]   Downloaded curl-sys v0.4.30+curl-7.69.1
[INFO] [stderr]   Downloaded im-rc v14.3.0
[INFO] [stderr]   Downloaded opener v0.4.1
[INFO] [stderr]   Downloaded anyhow v1.0.28
[INFO] [stderr]   Downloaded libz-sys v1.0.25
[INFO] [stderr]   Downloaded curl v0.4.28
[INFO] [stderr]   Downloaded filetime v0.2.9
[INFO] [stderr]   Downloaded crypto-hash v0.3.4
[INFO] [stderr]   Downloaded fwdansi v1.1.0
[INFO] [stderr]   Downloaded openssl-src v111.8.1+1.1.1f
[INFO] [stderr]   Downloaded bytesize v1.0.0
[INFO] [stderr]   Downloaded libnghttp2-sys v0.1.3
[INFO] running `Command { std: "docker" "create" "-v" "/var/lib/crater-agent-workspace/builds/worker-1/target:/opt/rustwide/target:rw,Z" "-v" "/var/lib/crater-agent-workspace/builds/worker-1/source:/opt/rustwide/workdir:ro,Z" "-v" "/var/lib/crater-agent-workspace/cargo-home:/opt/rustwide/cargo-home:ro,Z" "-v" "/var/lib/crater-agent-workspace/rustup-home:/opt/rustwide/rustup-home:ro,Z" "-e" "SOURCE_DIR=/opt/rustwide/workdir" "-e" "CARGO_TARGET_DIR=/opt/rustwide/target" "-e" "CARGO_HOME=/opt/rustwide/cargo-home" "-e" "RUSTUP_HOME=/opt/rustwide/rustup-home" "-w" "/opt/rustwide/workdir" "-m" "1610612736" "--user" "0:0" "--network" "none" "rustops/crates-build-env@sha256:a636fd89d022f18117e1dc8fb37a0a009933cdbbe082814857f0e2024962d47c" "/opt/rustwide/cargo-home/bin/cargo" "+cfbc6d4cf1acbac5c025acf8ed68929caa551df3" "metadata" "--no-deps" "--format-version=1", kill_on_drop: false }`
[INFO] [stdout] 8c65711cb40b740e1b7bbaa4c8c9ebe1152f970f5d2d00d33b5daa6845d0cbf0
[INFO] [stderr] WARNING: Your kernel does not support swap limit capabilities or the cgroup is not mounted. Memory limited without swap.
[INFO] running `Command { std: "docker" "start" "-a" "8c65711cb40b740e1b7bbaa4c8c9ebe1152f970f5d2d00d33b5daa6845d0cbf0", kill_on_drop: false }`
[INFO] running `Command { std: "docker" "inspect" "8c65711cb40b740e1b7bbaa4c8c9ebe1152f970f5d2d00d33b5daa6845d0cbf0", kill_on_drop: false }`
[INFO] running `Command { std: "docker" "rm" "-f" "8c65711cb40b740e1b7bbaa4c8c9ebe1152f970f5d2d00d33b5daa6845d0cbf0", kill_on_drop: false }`
[INFO] [stdout] 8c65711cb40b740e1b7bbaa4c8c9ebe1152f970f5d2d00d33b5daa6845d0cbf0
[INFO] running `Command { std: "docker" "create" "-v" "/var/lib/crater-agent-workspace/builds/worker-1/target:/opt/rustwide/target:rw,Z" "-v" "/var/lib/crater-agent-workspace/builds/worker-1/source:/opt/rustwide/workdir:ro,Z" "-v" "/var/lib/crater-agent-workspace/cargo-home:/opt/rustwide/cargo-home:ro,Z" "-v" "/var/lib/crater-agent-workspace/rustup-home:/opt/rustwide/rustup-home:ro,Z" "-e" "SOURCE_DIR=/opt/rustwide/workdir" "-e" "CARGO_TARGET_DIR=/opt/rustwide/target" "-e" "CARGO_INCREMENTAL=0" "-e" "RUST_BACKTRACE=full" "-e" "RUSTFLAGS=--cap-lints=forbid" "-e" "CARGO_HOME=/opt/rustwide/cargo-home" "-e" "RUSTUP_HOME=/opt/rustwide/rustup-home" "-w" "/opt/rustwide/workdir" "-m" "1610612736" "--user" "0:0" "--network" "none" "rustops/crates-build-env@sha256:a636fd89d022f18117e1dc8fb37a0a009933cdbbe082814857f0e2024962d47c" "/opt/rustwide/cargo-home/bin/cargo" "+cfbc6d4cf1acbac5c025acf8ed68929caa551df3" "check" "--frozen" "--all" "--all-targets" "--message-format=json", kill_on_drop: false }`
[INFO] [stdout] 306ffba06ddee030d09660eb67e7182e522293c3682b076f0b396a531a85a0d6
[INFO] [stderr] WARNING: Your kernel does not support swap limit capabilities or the cgroup is not mounted. Memory limited without swap.
[INFO] running `Command { std: "docker" "start" "-a" "306ffba06ddee030d09660eb67e7182e522293c3682b076f0b396a531a85a0d6", kill_on_drop: false }`
[INFO] [stderr]    Compiling libc v0.2.68
[INFO] [stderr]    Compiling pkg-config v0.3.17
[INFO] [stderr]    Compiling autocfg v1.0.0
[INFO] [stderr]    Compiling unicode-xid v0.2.0
[INFO] [stderr]    Compiling syn v1.0.17
[INFO] [stderr]    Compiling log v0.4.8
[INFO] [stderr]     Checking regex-syntax v0.6.17
[INFO] [stderr]     Checking percent-encoding v2.1.0
[INFO] [stderr]    Compiling maybe-uninit v2.0.0
[INFO] [stderr]    Compiling anyhow v1.0.28
[INFO] [stderr]    Compiling curl v0.4.28
[INFO] [stderr]    Compiling crc32fast v1.2.0
[INFO] [stderr]     Checking same-file v1.0.6
[INFO] [stderr]     Checking remove_dir_all v0.5.2
[INFO] [stderr]     Checking ansi_term v0.11.0
[INFO] [stderr]     Checking glob v0.3.0
[INFO] [stderr]     Checking rustc-workspace-hack v1.0.0
[INFO] [stderr]     Checking shell-escape v0.1.4
[INFO] [stderr]     Checking bytesize v1.0.0
[INFO] [stderr]     Checking humantime v2.0.0
[INFO] [stderr]     Checking home v0.5.3
[INFO] [stderr]     Checking lazycell v1.2.1
[INFO] [stderr]     Checking opener v0.4.1
[INFO] [stderr]     Checking thread_local v1.0.1
[INFO] [stderr]     Checking unicode-bidi v0.3.4
[INFO] [stderr]    Compiling im-rc v14.3.0
[INFO] [stderr]     Checking vte v0.3.3
[INFO] [stderr]     Checking walkdir v2.3.1
[INFO] [stderr]    Compiling proc-macro2 v1.0.10
[INFO] [stderr]     Checking memchr v2.3.3
[INFO] [stderr]     Checking bitmaps v2.1.0
[INFO] [stderr]     Checking strip-ansi-escapes v0.1.0
[INFO] [stderr]     Checking aho-corasick v0.7.10
[INFO] [stderr]     Checking bstr v0.2.12
[INFO] [stderr]     Checking idna v0.2.0
[INFO] [stderr]    Compiling crossbeam-utils v0.7.2
[INFO] [stderr]    Compiling quote v1.0.3
[INFO] [stderr]    Compiling jobserver v0.1.21
[INFO] [stderr]     Checking getrandom v0.1.14
[INFO] [stderr]     Checking socket2 v0.3.12
[INFO] [stderr]     Checking atty v0.2.14
[INFO] [stderr]     Checking filetime v0.2.9
[INFO] [stderr]     Checking fs2 v0.4.3
[INFO] [stderr]     Checking num_cpus v1.12.0
[INFO] [stderr]     Checking clap v2.33.0
[INFO] [stderr]     Checking url v2.1.1
[INFO] [stderr]    Compiling cc v1.0.50
[INFO] [stderr]     Checking tar v0.4.26
[INFO] [stderr]     Checking rand_core v0.5.1
[INFO] [stderr]     Checking crossbeam-channel v0.4.2
[INFO] [stderr]     Checking rand_chacha v0.2.2
[INFO] [stderr]     Checking rand_xoshiro v0.4.0
[INFO] [stderr]     Checking rand v0.7.3
[INFO] [stderr]     Checking regex v1.3.6
[INFO] [stderr]    Compiling openssl-sys v0.9.55
[INFO] [stderr]    Compiling libz-sys v1.0.25
[INFO] [stderr]    Compiling libnghttp2-sys v0.1.3
[INFO] [stderr]    Compiling curl-sys v0.4.30+curl-7.69.1
[INFO] [stderr]    Compiling libssh2-sys v0.2.16
[INFO] [stderr]    Compiling libgit2-sys v0.12.2+1.0.0
[INFO] [stderr]     Checking sized-chunks v0.5.3
[INFO] [stderr]     Checking tempfile v3.1.0
[INFO] [stderr]     Checking flate2 v1.0.14
[INFO] [stderr]    Compiling openssl v0.10.29
[INFO] [stderr]     Checking globset v0.4.5
[INFO] [stderr]     Checking env_logger v0.7.1
[INFO] [stderr]     Checking ignore v0.4.14
[INFO] [stderr]    Compiling serde_derive v1.0.106
[INFO] [stderr]     Checking crypto-hash v0.3.4
[INFO] [stderr]     Checking git2 v0.13.1
[INFO] [stderr]     Checking git2-curl v0.14.0
[INFO] [stderr]     Checking serde v1.0.106
[INFO] [stderr]     Checking serde_json v1.0.51
[INFO] [stderr]     Checking serde_ignored v0.1.1
[INFO] [stderr]     Checking cargo-platform v0.1.1
[INFO] [stderr]     Checking toml v0.5.6
[INFO] [stderr]     Checking semver v0.9.0
[INFO] [stderr]     Checking rustfix v0.5.1
[INFO] [stderr]     Checking crates-io v0.31.0
[INFO] [stderr]     Checking vkcargo v0.45.1 (/opt/rustwide/workdir)
[INFO] [stdout] warning: unused return value of `std::mem::replace` that must be used
[INFO] [stdout]    --> src/cargo/sources/git/utils.rs:841:17
[INFO] [stdout]     |
[INFO] [stdout] 841 |                 mem::replace(repo, new);
[INFO] [stdout]     |                 ^^^^^^^^^^^^^^^^^^^^^^^^
[INFO] [stdout]     |
[INFO] [stdout]     = note: `#[warn(unused_must_use)]` on by default
[INFO] [stdout]     = note: if you don't need the old value, you can just assign the new value directly
[INFO] [stdout] 
[INFO] [stdout] 
[INFO] [stdout] error: unused return value of `std::mem::replace` that must be used
[INFO] [stdout]    --> src/cargo/sources/git/utils.rs:841:17
[INFO] [stdout]     |
[INFO] [stdout] 841 |                 mem::replace(repo, new);
[INFO] [stdout]     |                 ^^^^^^^^^^^^^^^^^^^^^^^^
[INFO] [stdout]     |
[INFO] [stdout] note: the lint level is defined here
[INFO] [stdout]    --> src/cargo/lib.rs:1:24
[INFO] [stdout]     |
[INFO] [stdout] 1   | #![cfg_attr(test, deny(warnings))]
[INFO] [stdout]     |                        ^^^^^^^^
[INFO] [stdout]     = note: `#[deny(unused_must_use)]` implied by `#[deny(warnings)]`
[INFO] [stdout]     = note: if you don't need the old value, you can just assign the new value directly
[INFO] [stdout] 
[INFO] [stdout] 
[INFO] [stdout] warning: 1 warning emitted
[INFO] [stdout] 
[INFO] [stdout] 
[INFO] [stdout] error: aborting due to previous error
[INFO] [stdout] 
[INFO] [stdout] 
[INFO] [stderr] error: could not compile `vkcargo`.
[INFO] [stderr] 
[INFO] [stderr] To learn more, run the command again with --verbose.
[INFO] [stderr] warning: build failed, waiting for other jobs to finish...
[INFO] [stdout] error[E0463]: can't find crate for `cargo_test_macro`
[INFO] [stdout]   --> tests/testsuite/main.rs:12:1
[INFO] [stdout]    |
[INFO] [stdout] 12 | extern crate cargo_test_macro;
[INFO] [stdout]    | ^^^^^^^^^^^^^^^^^^^^^^^^^^^^^^ can't find crate
[INFO] [stdout] 
[INFO] [stdout] 
[INFO] [stdout] error[E0432]: unresolved import `cargo_test_support`
[INFO] [stdout]   --> tests/build-std/main.rs:21:5
[INFO] [stdout]    |
[INFO] [stdout] 21 | use cargo_test_support::*;
[INFO] [stdout]    |     ^^^^^^^^^^^^^^^^^^ use of undeclared type or module `cargo_test_support`
[INFO] [stdout] 
[INFO] [stdout] 
[INFO] [stdout] error: cannot find attribute `cargo_test` in this scope
[INFO] [stdout]   --> tests/build-std/main.rs:63:3
[INFO] [stdout]    |
[INFO] [stdout] 63 | #[cargo_test(build_std)]
[INFO] [stdout]    |   ^^^^^^^^^^
[INFO] [stdout] 
[INFO] [stdout] 
[INFO] [stdout] error: cannot find attribute `cargo_test` in this scope
[INFO] [stdout]    --> tests/build-std/main.rs:114:3
[INFO] [stdout]     |
[INFO] [stdout] 114 | #[cargo_test(build_std)]
[INFO] [stdout]     |   ^^^^^^^^^^
[INFO] [stdout] 
[INFO] [stdout] 
[INFO] [stdout] error: cannot find attribute `cargo_test` in this scope
[INFO] [stdout]    --> tests/build-std/main.rs:157:3
[INFO] [stdout]     |
[INFO] [stdout] 157 | #[cargo_test(build_std)]
[INFO] [stdout]     |   ^^^^^^^^^^
[INFO] [stdout] 
[INFO] [stdout] 
[INFO] [stdout] error: aborting due to previous error
[INFO] [stdout] 
[INFO] [stdout] 
[INFO] [stdout] For more information about this error, try `rustc --explain E0463`.
[INFO] [stdout] 
[INFO] [stdout] error[E0433]: failed to resolve: use of undeclared type or module `paths`
[INFO] [stdout]    --> tests/build-std/main.rs:197:19
[INFO] [stdout]     |
[INFO] [stdout] 197 |     let sysroot = paths::sysroot();
[INFO] [stdout]     |                   ^^^^^ use of undeclared type or module `paths`
[INFO] [stdout] 
[INFO] [stdout] 
[INFO] [stdout] error[E0412]: cannot find type `Execs` in this scope
[INFO] [stdout]   --> tests/build-std/main.rs:25:29
[INFO] [stdout]    |
[INFO] [stdout] 25 | fn enable_build_std(e: &mut Execs, arg: Option<&str>) {
[INFO] [stdout]    |                             ^^^^^ not found in this scope
[INFO] [stdout] 
[INFO] [stdout] 
[INFO] [stdout] error[E0412]: cannot find type `Execs` in this scope
[INFO] [stdout]   --> tests/build-std/main.rs:46:19
[INFO] [stdout]    |
[INFO] [stdout] 46 | impl BuildStd for Execs {
[INFO] [stdout]    |                   ^^^^^ not found in this scope
[INFO] [stdout] 
[INFO] [stdout] 
[INFO] [stdout] error[E0425]: cannot find function `rustc_host` in this scope
[INFO] [stdout]   --> tests/build-std/main.rs:58:34
[INFO] [stdout]    |
[INFO] [stdout] 58 |         self.arg("--target").arg(rustc_host());
[INFO] [stdout]    |                                  ^^^^^^^^^^ not found in this scope
[INFO] [stdout] 
[INFO] [stdout] 
[INFO] [stdout] error[E0425]: cannot find function `project` in this scope
[INFO] [stdout]   --> tests/build-std/main.rs:65:13
[INFO] [stdout]    |
[INFO] [stdout] 65 |     let p = project()
[INFO] [stdout]    |             ^^^^^^^ not found in this scope
[INFO] [stdout] 
[INFO] [stdout] 
[INFO] [stdout] error[E0425]: cannot find function `project` in this scope
[INFO] [stdout]    --> tests/build-std/main.rs:116:13
[INFO] [stdout]     |
[INFO] [stdout] 116 |     let p = project()
[INFO] [stdout]     |             ^^^^^^^ not found in this scope
[INFO] [stdout] 
[INFO] [stdout] 
[INFO] [stdout] error[E0425]: cannot find function `basic_manifest` in this scope
[INFO] [stdout]    --> tests/build-std/main.rs:133:34
[INFO] [stdout]     |
[INFO] [stdout] 133 |         .file("dep/Cargo.toml", &basic_manifest("dep", "0.1.0"))
[INFO] [stdout]     |                                  ^^^^^^^^^^^^^^ not found in this scope
[INFO] [stdout] 
[INFO] [stdout] 
[INFO] [stdout] error[E0425]: cannot find function `project` in this scope
[INFO] [stdout]    --> tests/build-std/main.rs:159:13
[INFO] [stdout]     |
[INFO] [stdout] 159 |     let p = project()
[INFO] [stdout]     |             ^^^^^^^ not found in this scope
[INFO] [stdout] 
[INFO] [stdout] 
[INFO] [stdout] error[E0425]: cannot find function `rustc_host` in this scope
[INFO] [stdout]    --> tests/build-std/main.rs:202:15
[INFO] [stdout]     |
[INFO] [stdout] 202 |         .join(rustc_host())
[INFO] [stdout]     |               ^^^^^^^^^^ not found in this scope
[INFO] [stdout] 
[INFO] [stdout] 
[INFO] [stdout] error: aborting due to 13 previous errors
[INFO] [stdout] 
[INFO] [stdout] 
[INFO] [stdout] Some errors have detailed explanations: E0412, E0425, E0432, E0433.
[INFO] [stdout] 
[INFO] [stdout] For more information about an error, try `rustc --explain E0412`.
[INFO] [stdout] 
[INFO] [stderr] error: build failed
[INFO] running `Command { std: "docker" "inspect" "306ffba06ddee030d09660eb67e7182e522293c3682b076f0b396a531a85a0d6", kill_on_drop: false }`
[INFO] running `Command { std: "docker" "rm" "-f" "306ffba06ddee030d09660eb67e7182e522293c3682b076f0b396a531a85a0d6", kill_on_drop: false }`
[INFO] [stdout] 306ffba06ddee030d09660eb67e7182e522293c3682b076f0b396a531a85a0d6
